
2, 107
Let f(u) = -87*u - 15. Let o be f(-4). Suppose 5*r - 12 = o. What are the prime factors of r?
3, 23
Suppose -5*i + 97 = 4*l, 2*l - 4*i = -2*i + 26. Let q = -13 + l. Suppose -35 = -3*h - q. List the prime factors of h.
2, 5
What are the prime factors of (-3)/(-3) + 324 + 16?
11, 31
List the prime factors of 1160/2*31/62.
2, 5, 29
Suppose 0 = -27*f + 15602 + 31. What are the prime factors of f?
3, 193
Let c(w) = -9*w**2 + w - 5 - 3*w**2 + 7*w + 0 + w**3. What are the prime factors of c(12)?
7, 13
Let g = -96 - -99. List the prime factors of (g + -93)*14/(-6).
2, 3, 5, 7
Let j = 6 - 8. Let y(w) = w**2 - 4. Let d(p) = 2*p**2 + p - 2. Let n(t) = 3*d(t) - 2*y(t). List the prime factors of n(j).
2, 3
Let s = 21 - 21. Suppose d - 2*d + 9 = s. Suppose -198 = 3*u - d*u. What are the prime factors of u?
3, 11
Suppose 0 = 3*p - 8 - 58. Suppose 2*o = -1 + 5, 2*r + 4*o + 6 = 0. Let g = r + p. What are the prime factors of g?
3, 5
Suppose -11*g + 579 = -10*g. List the prime factors of g.
3, 193
Let n(q) = -1004*q**3 - 2*q**2 - q. What are the prime factors of n(-1)?
17, 59
Let g = 248 - -5. List the prime factors of g.
11, 23
Let w = -257 + 365. Let u be (-1*10)/(2/13). Let p = u + w. What are the prime factors of p?
43
Let y(l) = 3*l**2 + 16*l + 25. What are the prime factors of y(-10)?
3, 5, 11
Let o = 23 - 16. Let b(j) = 2*j**2 - o*j + 3 + 2 + 5*j**2 - 8*j**2. List the prime factors of b(-5).
3, 5
Let s = -83 - -536. What are the prime factors of s?
3, 151
Let x(a) = 20*a**2 - 9*a + 178. List the prime factors of x(8).
2, 3, 7, 11
Suppose -3916 = -22*p + 11*p. What are the prime factors of p?
2, 89
Suppose -5*i + 20 = 3*c, 0 = 4*i + c - 4*c - 16. Suppose -12 = i*v + 20. What are the prime factors of (52/6)/(v/(-12))?
13
Let g(a) = -a**2 - 11*a - 4. Let d be g(-7). Let m = -21 + d. Suppose -8*c = -m*c - 140. What are the prime factors of c?
2, 7
Suppose w + 5*t = -17, 5*w = t - 0*t + 19. Let z(r) = -3*r - 1. Let b be z(-2). Suppose -b*p = -q + 9, w*q = -2*q - 4*p + 16. List the prime factors of q.
2
Suppose u - 43 = 122. Suppose 0 = -n - 5 + u. List the prime factors of n.
2, 5
Let l be (-62)/(-8) - (-3)/12. Suppose -3*d - 16 = -w, -2*w = -w + 2*d + 4. Suppose x + 3*x - 20 = 4*q, 3*x + w*q = l. What are the prime factors of x?
2
Let v(x) = -30*x - 65. Let z be (1 + -2 + 2)*-9. What are the prime factors of v(z)?
5, 41
What are the prime factors of (-65)/52 + 2475/12?
5, 41
Suppose 4*g + 7 - 3 = 0. Let d(v) = -v**3 + 3*v**2 - 3*v - 6. Let s be d(3). List the prime factors of g/(-3) - s/9.
2
Suppose -4*p - 52 = -2*a, 2*p = -a + 5 + 5. What are the prime factors of 1/(((-3)/44)/(a/(-12)))?
2, 11
Let j(m) = 13*m + 18. Let u(c) be the third derivative of -c**4/2 - 17*c**3/6 - 6*c**2. Let h(x) = 6*j(x) + 7*u(x). What are the prime factors of h(-6)?
5
Let v(a) = -56*a**3 - 2*a**2 - 5*a - 3. List the prime factors of v(-1).
2, 7
Let q = 372 - -845. List the prime factors of q.
1217
Let t = -17 - -19. Suppose 260 = -t*p + 7*p. Let g = -29 + p. List the prime factors of g.
23
Suppose 1022 = 3*i + z, 5*z - 732 = -4*i + 638. List the prime factors of i.
2, 5, 17
Let j(r) = 43*r**3 - 3*r**2 + r + 3. Let z be j(-1). Let l(m) = -5*m**2. Let c be l(2). What are the prime factors of z*(c/(-8))/(-5)?
2, 11
Let m(r) = 20*r**2 + 3*r + 3. Let q(p) = -2*p + 19. Let l be q(10). What are the prime factors of m(l)?
2, 5
Suppose -4*u + 2*u = -5*c + 12, -4*c + 16 = 0. What are the prime factors of 1*(u - 1) + 36?
3, 13
Suppose 0 = -3*l + 5*v + 23, -3*l - v = 2*v + 9. Let p be (l - 2) + 3*1. Suppose -5*z = -2*s - 69, -z = -p*s + 3*s - 18. List the prime factors of z.
3, 5
Let j = -21 - -33. Suppose -y - 5*s = -19, s + j = 5*s. Suppose -y*w = w - 320. What are the prime factors of w?
2
Let u be (-86)/6 - (-5)/15. Let x = 17 + u. Suppose 4 = 2*m - 0*r - 2*r, -x*m = 4*r - 41. List the prime factors of m.
7
Let n = 98 - 95. Suppose 3*a + 81 = 3*q + 642, 0 = -n*q - 12. What are the prime factors of a?
3, 61
Let o(b) = 2*b**3 + b**2 + 2*b + 1. Let t be o(-1). Let s = -2 + t. List the prime factors of (3 - 69/6)*s.
2, 17
Let b = -4370 - -6429. What are the prime factors of b?
29, 71
Let c = -65 - -110. Let w be 13 + (9 - 26) + 1 + 6. Suppose w*q = 8*q - c. List the prime factors of q.
3
Let t(j) = j**3 - 2*j + 2. Let v(s) = 8*s + 1. Let a be v(1). Let o(h) = h**2 - 10*h + 12. Let m be o(a). What are the prime factors of t(m)?
23
Let x = -634 - -1153. List the prime factors of x.
3, 173
Let s be 1 - -1 - (1 + (-4)/2). List the prime factors of 38/s*1/((-6)/(-99)).
11, 19
Let i(n) = -121*n**3 + 2*n**2 + n. Let f(l) = l**3 + 3*l**2 + 3*l + 1. Let w be f(-2). List the prime factors of i(w).
2, 61
Suppose -f + 40 - 1 = 0. Let i be (-2)/8 - 17/(-4). Suppose -5*u + q + f = -20, -i*q = u - 16. List the prime factors of u.
2, 3
Let l(s) = -2*s**3 - 39*s**2 + 29*s - 11. What are the prime factors of l(-21)?
19, 37
Let c(d) = d**3 + 9*d**2 + 8*d - 8. Let j(x) = -14*x + 3 + 3*x**2 - 10 - 22*x**3 + 21*x**3 + 12*x**2. Let l be j(14). List the prime factors of c(l).
2, 17
Suppose -60*c + 228663 + 10677 = 0. What are the prime factors of c?
3989
Let i be (2 + 1)*(-33)/9. Let j = i + 19. Let u(f) = -f**3 + 7*f**2 + 11*f - 11. What are the prime factors of u(j)?
13
Suppose -4*s = 2 + 22. Let y(o) be the first derivative of o**4/4 + 2*o**3 - 3*o**2/2 + 6*o + 1. What are the prime factors of y(s)?
2, 3
Suppose -3*k = 2*d - 6 - 2, -3*d - 3*k + 12 = 0. What are the prime factors of (d/(-6))/(((-17)/(-36))/(-17))?
2, 3
Let u = 27 + -18. Suppose -5*o - 20 = -u*o. Suppose o*x = 72 + 218. List the prime factors of x.
2, 29
Let s be 1/(-3 + (-260)/(-86)). Let d = s + 17. Suppose d = 7*x - 2*x. List the prime factors of x.
2, 3
Let t be (-4)/6 + (-8)/(-3). Let c(f) = -f**3 + 3*f - 2. Let z be c(t). List the prime factors of 4/(-6)*198/z.
3, 11
Suppose -49*m - 4516 = -53*m - 3*k, -m = -3*k - 1114. What are the prime factors of m?
2, 563
Suppose k + 8 = 3*s - 2*s, 0 = -2*s - k + 7. Suppose v + 9 = 4*b, -2*b + 7*b = s*v. Suppose -b*n + 8*n - 65 = 0. List the prime factors of n.
13
Let x(g) = 2*g - 2. Let l be x(-4). Let d = l + 0. Let p = 31 + d. What are the prime factors of p?
3, 7
Let s = 53 - -439. List the prime factors of s.
2, 3, 41
Suppose -3*f + 343 = 4*h, -4*h + 3*f - 258 = -7*h. Suppose -26 + h = o. List the prime factors of o.
59
Suppose -17*w + 21089 = 4616. List the prime factors of w.
3, 17, 19
Let w be ((-3 - 20) + 1)/(-2). Let m = -6 + w. What are the prime factors of m?
5
Let s be 564/(-10) + 6/15. List the prime factors of ((-144)/s)/((-3)/(-14)).
2, 3
Let h be (6/9)/(4/42). Suppose -2*a - h = -3. Let t = a - -12. List the prime factors of t.
2, 5
Let a(t) = -341*t - 502. What are the prime factors of a(-11)?
3, 19
Let y(q) = 32*q**3 + q**2 - q. Let c be y(1). Suppose -77 = -h - c. What are the prime factors of h?
3, 5
Suppose -3053 = -3*t + 3*b + 1402, -1485 = -t - b. List the prime factors of t.
3, 5, 11
Let f(x) = 34*x**2 - 3*x + 10. What are the prime factors of f(5)?
5, 13
Suppose -4*a = i - 2026, a = -5*i + 11065 - 897. List the prime factors of i.
2, 3, 113
Let h(l) = l**2 - 3*l - 1. Let d be h(4). List the prime factors of (-40)/((4 + -7)/d).
2, 5
Let y be -1 + (-9)/(-6)*-2 + 3. Suppose 174 = -5*c + 3*k, 4*k = -5*c - 32 - 121. Let d = y - c. What are the prime factors of d?
2
Let o be (-1)/(2/26)*(13 + -15). Let i = 63 - o. What are the prime factors of i?
37
Suppose 0 = -11*x + 10*x. Let u(m) = x*m + 6*m + 4 - 15 - 3*m. List the prime factors of u(8).
13
Let r = -592 - -1001. Let a = r + -254. List the prime factors of a.
5, 31
Let r(u) = 8*u + 5. Let b(d) = -d**3 - 3*d**2 - 5*d - 7. Let c be b(-3). List the prime factors of r(c).
3, 23
Let o(t) = 2*t + 5. Let v be o(0). Suppose -v*d + 0*d + 380 = 0. List the prime factors of d/2 - 36/18.
2, 3
Let b(s) = 84*s + 28*s + 24*s. List the prime factors of b(1).
2, 17
Suppose 69 = 3*q + 5*s, 3*s = -q + 11 + 16. Suppose 0 = 11*o - 12*o - q. Let m = o - -35. List the prime factors of m.
17
Let a = 19 + -16. Suppose a*z = 4*j - 27, -4*j + 2*j - 3*z - 9 = 0. Suppose 0 = j*x - 0 - 81. List the prime factors of x.
3
Let y = 64 - -632. Suppose -3*h = 2*o - 343, -4*o + 3*h - 7*h = -y. List the prime factors of o.
179
Let n(q) = q**2 + 10. Let a(